t is 8 - (-6 + -14 + -1) - 11?
18
9 + -10 - (1 + -9) - 0
7
What is (-58 - (-22 + 14)) + 32?
-18
Evaluate -531 - -535 - (0 + -9).
13
Evaluate -80 + 70 + 2 + (-4 - (-3 + 0)).
-9
What is the value of (15 - 28) + 29 + -25?
-9
What is the value of -3 - (-27 + 1 - (-14 - (-22 + 15)))?
16
Calculate -10 + 11 + (2 - 0 - (7 - -1)).
-5
Calculate (-82 - -74) + (27 - (-5 + 4 + 0)).
20
28 - 0 - (46 - 61 - (1 - 26))
18
What is 4 + (6 - 8) + (22 - 14)?
10
Evaluate 23 - (-21 + 44 - 9).
9
What is the value of (7 + 0 - 10) + 4 + -9 + -3?
-11
What is the value of (-24 - -9) + 23 + -8 + 18?
18
What is the value of 14 - -1 - (816 + -817)?
16
What is the value of 21 + -13 - (-3 - (-8 + -2) - 0)?
1
What is the value of -6 + 21 + -4 + 2 + 1?
14
Evaluate 2 + 1 - (-165 - -183) - 3.
-18
What is the value of (4 - 13) + (1 + 5 - 1) + 14?
10
24 - (-1 - -2 - 1 - (7 + -11))
20
Evaluate -6 + 41 + 5 + -26 + 10.
24
What is (10 - (-13 - -14)) + 1 + 0 + -1?
9
Evaluate -308 + 318 + (2 - 0).
12
Evaluate 20 + -11 - (-5 + -4 + 2) - 4.
12
What is the value of -5 - -7 - -2 - -4 - -5?
13
What is (-15 - 2 - (-45 + 35)) + 5?
-2
63 - (29 + -38 + 42)
30
What is (6 - 15) + (-8 - (2 + -16)) - 5?
-8
Evaluate (32 - (32 - -2)) + (-3 - -10) + 0.
5
What is -4 + -3 + 19 + -11 + -6?
-5
Calculate (0 - 0) + -8 - (38 + -119 + 54).
19
-31 - (-29 - -14) - -20
4
What is -46 + (-17 - (19 + -50))?
-32
What is 3 + -9 - (8 - (48 - 1))?
33
What is the value of -2453 - -2456 - (4 - 19 - (1 - -1))?
20
Calculate (-1 - 0 - 1) + (16286 - 16269).
15
Calculate 32 + -41 + (5 + -1 - 9).
-14
(7 - (4 + -3 + -4)) + -8
2
Calculate -15 + 7 - (-10 - (-4 - 12)).
-14
What is the value of 30 + (-10 - -7 - 2) + -5 + 2?
22
What is 33 + 0 + -4 + (-39 - -26)?
16
-17 - (-12 - (11 + -25))
-19
Calculate -1 - (-6 - (12 - 24)).
-7
(76 - 84) + (2 - 7) + 0
-13
Calculate (1 - 2) + (9 - 23).
-15
Calculate -19 + 4 + 17 + -3.
-1
Evaluate (-3 - -28) + -8 + (-6 - -6).
17
Evaluate 0 + 2 + 1 + (0 - (12 + -6)).
-3
Calculate (-11 + (1 - -9) - 1) + 14.
12
What is -6 + ((-3 - -3) + -10 - (1 + -6))?
-11
What is -6 + -1 + 3 + 0 - (-14 - -8)?
2
-13 - (-5 + 15 + -9)
-14
Calculate 19 + (12 - 13 - 4).
14
What is 3 + (-17 + 57 + -25 - (-1 + 2))?
17
What is 0 + 25 + (2 - (25 + 14 + -25))?
13
What is the value of (-1 - -9 - (-82 + 82)) + 2?
10
(1 - 3 - (-1 - -5)) + (1 - 4)
-9
What is 25 - (-17 - (-10 - 13) - (0 + -1))?
18
Calculate (-9 - (5 + 2)) + (78 - 83).
-21
What is (-17 - 7) + -7 + 9?
-22
What is 10 - 19 - (8 - 1)?
-16
Calculate 0 + -17 + 5 - 5.
-17
Evaluate -18 + -20 + 37 - 10.
-11
Calculate (10 + -20 + 1 - -13) + (8 - 1).
11
(8 - 5) + 2 + (-5 - 0 - 2)
-2
2 + 5 - (21 + -18)
4
What is the value of -2 - 5 - -8 - (-2 - -1)?
2
What is -269 - -295 - (1 + 15)?
10
-1 - (2 - -28) - (-8 + (-27 - -27))
-23
What is (-8 - 36) + (31 - 6)?
-19
Evaluate 1 + 26 - (3 + 22 + -39 - -12).
29
What is the value of -24 + 11 + 0 + -29 + 28?
-14
-24 + 17 + (7 - (-18 - -7))
11
-4 - 39 - (-21 + -8)
-14
What is the value of -2 - 1 - (0 + 1 + (-17 - -5))?
8
Calculate -13 + (0 + -5 - (151 + -159)).
-10
0 + -6 + 6 + -1 + (-8 - -3)
-6
Calculate -3 + (6 - 8) + 21.
16
-32 + (17 - -4) + 4
-7
Evaluate 7 - ((-4 - (1 - 1)) + 1).
10
-17 + (12 - 25 - -20)
-10
What is 5 - 0 - (-40 + 17 + 49)?
-21
Calculate (-3 + 1 - (3 + -1)) + -53 + 59.
2
What is the value of -16 + (30 + -13 - -2)?
3
Evaluate 11 + (-11 - -10) + 1 + (-5 - 1).
5
What is 1 + -6 - (2 + -8) - (4 + -1)?
-2
Calculate 0 - 3 - (-34 - (-66 - -35)).
0
Calculate -11 + -37 + 31 + -12.
-29
What is the value of -40 + (-13 + -14 - -60)?
-7
What is the value of 15 + -8 + -10 + (-1 - -13)?
9
Calculate (-4 - -8) + (19 - 7) - (1 + -4).
19
Calculate -3 + -10 + -149 + 148.
-14
Evaluate 280 + -265 - (10 + 1).
4
Calculate (9 - 6) + -33 - (5 - 4 - 4).
-27
Calculate 171 + -161 - (26 - 0).
-16
What is (4 - 4) + 4 + -13 + 11 + 4?
6
Evaluate (-3 - (-4 + -9 + 9)) + (3 - 0).
4
What is the value of (-12 - -16 - 1 - 19) + 13?
-3
Calculate 17 + 36 + -12 + -52.
-11
Calculate -15 + -4 + -2 - -30.
9
Evaluate (2 - 22) + (428 - 414).
-6
Calculate (14 - -3) + (35 - 42).
10
31 - ((2 - 1) + (341 - 325))
14
What is the value of -4 + (7 + -38 - -18) + 0?
-17
Calculate -17 + 2 + 9 - -11.
5
-7 + -3 + -3 - 3 - (0 - 6)
-10
(-7 + 4 - (-13 + 10)) + -9
-9
Calculate 8 + -15 + (16 - 6).
3
Evaluate (-6 - 4) + (6 - (-22 + 14)) + 6.
10
-7 + (7 - (-2 + -11 + 7)) - 6
0
Evaluate -5 + -1 + -5 + 10 + 1.
0
Evaluate -1 + 4 + -2 + -5 + 11 - -3.
10
Calculate (-107 - -102) + (0 - -2) + -1 + 2.
-2
What is the value of (29 - -5) + 3 + (3 - (5 - -6))?
29
16 + -20 - (1 + -7) - -8
10
What is the value of -3 + 0 + -4 + (-3 - -14)?
4
What is the value of -16 + -44 + 43 - (-14 + 1)?
-4
What is the value of 2 + 20 + -63 + 68?
27
Calculate (8 - 21) + 29 - 10.
6
What is (1 - (-2 - -1)) + (-1 - 8) + 1?
-6
-12 - -12 - (2 + 7 + -5)
-4
What is -26 - (-7 + (1 - (-10 + 11)))?
-19
What is the value of 0 + (-4 + 0 - -13 - (-3 + 13))?
-1
Evaluate -6 - (-4 + 19 + -34 + -2).
15
Evaluate -37 - (-11 + (15 - 50)).
9
Calculate (-12 - 5) + -7 + 31.
7
What is the value of 5 + -38 - -40 - -1?
8
What is the value of (9 - -1) + 10 + (-11 + 18 - 14)?
13
Calculate -6 + 1 + (17 - 25 - (28 + -4)).
-37
17 + (13 - (1 - -15))
14
What is the value of 0 - (-2 - 0 - (-84 - -78))?
-4
Evaluate 6 - -1 - (28 + (-45 - -16)).
8
Evaluate -11 + (2 - (7 - -2)) + -9.
-27
What is the value of (-2 - (-7 + 0)) + -14 - (-45 - -36)?
0
Calculate ((13 - 46) + 8 - -14) + 10.
-1
Evaluate -9 - (8 + 6 + (12 - 30)).
-5
(-7 - (9 + (7 - 27))) + -1 + 18
21
(5 - -12) + ((-5 - 0) + 5 - 1)
16
What is the value of -5 - (-4 - (-3 + (2 - -3))) - 10?
-9
Evaluate 4 + 1 + (-17 - -12).
0
0 - -9 - ((-10 - (-4 - 19)) + -5)
1
What is -24 + 62 + (9 - 27)?
20
-63 + 62 + 4 + -3 + 6
6
What is (15 - 0) + 14 + (21 - (18 + 25))?
7
-62 + 51 + (6 - (43 - 6))
-42
Calculate -14 - ((-2 - (-2 + -6)) + 0 + 0).
-20
Evaluate 6 - (3 - 2) - -4 - 10.
-1
What is 6 + (20 - 34) + 21 + 3?
16
Evaluate (8 - -12 - -3) + -19.
4
Evaluate 20 + -21 + -1 + -5.
-7
Evaluate 1 + -15 + (21 - (32 - 52)).
27
What is (1 - -3) + (-20 + 11 - -9)?
4
What is -1 + (-5 - -4) + 8 - (15 - 19)?
10
Evaluate 15 - 8 - (8 - 5).
4
Calculate 1 + 3 - (6 - (-5 + 3 - -4)).
0
What is the value of (-1 - 0) + -16 + -7 + 17?
-7
What is -15 + (-15 - -21) + 10?
1
What is 11 - (30 - 18 - 17)?
16
Calculate -8 + 19 + -9 + 17.
19
Calculate -2 + (-15 - (-3 + -12 + 4)).
-6
Evaluate -10 + 1 - (9 - (11 - -5)).
-2
What is -6 - (-22 - -21 - -8)?
-13
Evaluate 0 - (-22 - -32) - -5.
-5
Calculate 8 + -7 + (-4 - -7) + 27 + -4.
27
What is (4 - 1) + (-6 + -16 - -30)?
11
What is 3 + -11 + 2 + 14 - 5?
3
Evaluate -2 + 4 + -8 + -3 - 1 - -14.
4
What is the value of (-1 - (-9 - (7 + -8 + -5))) + -3?
-1
What is the value of 69 + -80 + 19 + 13?
21
Calculate -8 - 21 - -5 - -8 - -32.
16
Evaluate 14 + (-6 - 7 - -4).
5
Evaluate -18 - ((-4 - -13 - (0 - -18)) + 9).
-18
Evaluate -25 - (36 - (26 - -4)).
-31
(5 - 7) + (-10 - -19)
7
Evaluate (0 - (-34 - -10)) + -20.
4
What is 29 - 23 - (7 - -11)?
-12
Calculate -23 - ((16 - -3) + -42).
0
(22 - 37) + (-16 - -10)
-21
Evaluate -39 + 39 + 1 + 0 + -6.
-5
-14 + -10 + 8 + 6
-10
15 - (7 + (-15 - -14) - 3)
12
Evaluate 58 + -48 + (3 - 50) - -7.
-30
What is the value of 13 + -16 + 10 - (14 + -6 + 4)?
-5
What is the value of -18 - ((-7 - (2 + 1)) + 9)?
-17
5 - (-23 + 2) - (1 + 1 + 5)
19
1 + (0 - 19) - (23 - (-40 - -73))
-8
What is 8 + 2 + (-8 - -20 - -11) + -4?
29
What is the value of 5 - (-751 - -754 - (-1 + (-4 - 1)))?
-4
(12 - -2) + 1 + -6 - (6 - 9)
12
(1 - (-25 + 14)) + -1
11
Calculate (-1 - 33) + 28 + -35 + (-6 - -20).
-27
Calculate -6 + 4 - -34 - 10.
22
Calculate (-14 - (-19 + -2)) + (9 - 10).
6
What is the value of 0 - -2 - (4 + (0 - 4) + 5)?
-3
Evaluate 12 - (11 + (5 - (35 - 9))).
22
What is the value of -21 - -46 - 24 - (10 + 2)?
-11
Calculate 4 + -2 + (8 - (13 + 0)).
-3
What is 11 + -1 + -9 + 22?
23
Evaluate -4 - (16 + -16) - -16.
12
(-3 + 0 - 1) + 4 + 3 - -6
9
Evaluate 29 - (-9 + (33 - -3)).
2
What is (5 - -3) + -11 + (4 - 3)?
-2
What is -10 - (18 + -34) - 3 - -20?
23
Evaluate -7 + -8 + 7 + 0 + -3.
-11
Calculate 7 + -15 + 38 + -6 + -2 + -7.
15
Evaluate 11 - (24 + (-12 - -13)).
-14
What is -18 + 9 + (-26 - -66)?
31
What is 0 - ((-6 - -2) + (-23 - -36) - 3)?
-6
What is 15 - (10 - 16 - -1) - (6 - 1)?
15
(92 - 96)